{"id":31,"date":"2025-06-14T09:37:10","date_gmt":"2025-06-14T09:37:10","guid":{"rendered":"https:\/\/avime1537.es\/?page_id=31"},"modified":"2025-09-10T20:11:51","modified_gmt":"2025-09-10T20:11:51","slug":"in-memoriam","status":"publish","type":"page","link":"https:\/\/avime1537.es\/?page_id=31","title":{"rendered":"In Memoriam"},"content":{"rendered":"\n<p class=\"has-medium-font-size\">En este rinc\u00f3n, queremos rendir un sentido recuerdo a aquellos asociados y amigos que emprendieron su ultimo viaje antes que nosotros, y a los que queremos despedir con unas palabras en su memoria. Descansen en paz todos ellos.<\/p>\n\n\n\n<div style=\"height:80px\" aria-hidden=\"true\" class=\"wp-block-spacer\"><\/div>\n\n\n\n<div class=\"wp-block-media-text is-stacked-on-mobile\" style=\"grid-template-columns:35% auto\"><figure class=\"wp-block-media-text__media\"><img fetchpriority=\"high\" decoding=\"async\" width=\"360\" height=\"412\" src=\"https:\/\/avime1537.es\/wp-content\/uploads\/2025\/08\/Imagen-1-1.png\" alt=\"\" class=\"wp-image-59 size-full\" srcset=\"https:\/\/avime1537.es\/wp-content\/uploads\/2025\/08\/Imagen-1-1.png 360w, https:\/\/avime1537.es\/wp-content\/uploads\/2025\/08\/Imagen-1-1-262x300.png 262w\" sizes=\"(max-width: 360px) 100vw, 360px\" \/><\/figure><div class=\"wp-block-media-text__content\">\n<p class=\"has-medium-font-size\">Tras larga enfermedad, el pasado d\u00eda 17 de noviembre de 2023 falleci\u00f3 Do\u00f1a Rosa Mateu, la esposa y compa\u00f1era por muchos a\u00f1os, de nuestro querido amigo y socio D. Pedro Maynes S\u00e1nchez, al que la mayor\u00eda conoc\u00e9is.<\/p>\n\n\n\n<p class=\"has-medium-font-size\">Aunque no era socia como tal, a todos los efectos era tan socia como cualquiera, ya que comparti\u00f3 y \u00absufri\u00f3\u00bb todos los a\u00f1os en los que Pedro dedic\u00f3 la mayor parte de su tiempo a la Asociaci\u00f3n. Incluso lleg\u00f3 a colaborar, como un socio m\u00e1s, en varios Campamentos de Verano para j\u00f3venes, que AVIME organiz\u00f3 hasta 2018.<\/p>\n<\/div><\/div>\n\n\n\n<div style=\"height:9px\" aria-hidden=\"true\" class=\"wp-block-spacer\"><\/div>\n\n\n\n<p class=\"has-medium-font-size\"><strong>En nombre de todos los miembros de AVIME, hacemos llegar a nuestro compa\u00f1ero Pedro, nuestras m\u00e1s sentidas condolencias por tan sensible p\u00e9rdida, as\u00ed como nuestro cari\u00f1o y apoyo en estos momentos dif\u00edciles.<\/strong><\/p>\n\n\n\n<p class=\"has-medium-font-size\"><strong>Descansa en Paz, Rosa.<\/strong><\/p>\n\n\n\n<div style=\"height:80px\" aria-hidden=\"true\" class=\"wp-block-spacer\"><\/div>\n\n\n\n<div class=\"wp-block-media-text is-stacked-on-mobile\" style=\"grid-template-columns:39% auto\"><figure class=\"wp-block-media-text__media\"><img decoding=\"async\" width=\"363\" height=\"461\" src=\"https:\/\/avime1537.es\/wp-content\/uploads\/2025\/08\/Imagen-2-Doc.jpg\" alt=\"\" class=\"wp-image-68 size-full\" srcset=\"https:\/\/avime1537.es\/wp-content\/uploads\/2025\/08\/Imagen-2-Doc.jpg 363w, https:\/\/avime1537.es\/wp-content\/uploads\/2025\/08\/Imagen-2-Doc-236x300.jpg 236w\" sizes=\"(max-width: 363px) 100vw, 363px\" \/><\/figure><div class=\"wp-block-media-text__content\">\n<p class=\"has-medium-font-size\">El 22 de abril de 2022, fue un triste d\u00eda, en el que perd\u00edamos a un querido miembro de AVIME1537. Nuestro amigo y compa\u00f1ero \u00c1ngel Antonio Satu\u00e9, conocido entre nosotros como \u201cDoc\u201d, por su profesi\u00f3n de doctor en medicina, fallec\u00eda inesperadamente en su Sevilla querida, a los 69 a\u00f1os.<\/p>\n\n\n\n<p class=\"has-medium-font-size\">Particip\u00f3 como instructor en varios campamentos de verano, para j\u00f3venes cadetes, organizados por AVIME1537, entre 2014 y 2018.&nbsp;Fiel al Cuerpo y a su Asociaci\u00f3n, fue de los primeros socios en integrarse en AVIME, all\u00e1 por 2011, y permaneci\u00f3 con nosotros hasta su ultimo d\u00eda.<\/p>\n<\/div><\/div>\n\n\n\n<p class=\"has-medium-font-size\"><strong>Para los que lo conocimos personalmente, su amistad significaba mucho. Hombre tranquilo, sereno, responsable, al que jam\u00e1s o\u00ed alzar la voz en ning\u00fan caso, era una enciclopedia andante, en muchos asuntos, y especialmente en historia militar.<\/strong> <\/p>\n\n\n\n<p style=\"font-size:20px\"><strong>Adem\u00e1s de Infante de Marina, hab\u00eda sido instructor de boy-scouts, por lo que a\u00f1ad\u00eda a sus conocimientos profesionales de cuidados m\u00e9dicos y primeros auxilios, el dominio de otras materias como supervivencia, nudos, orientaci\u00f3n, etc.&nbsp;Particip\u00f3 como instructor en varios campamentos de verano, para j\u00f3venes cadetes, organizados por AVIME1537, entre 2014 y 2018.<\/strong><\/p>\n\n\n\n<div style=\"height:80px\" aria-hidden=\"true\" class=\"wp-block-spacer\"><\/div>\n\n\n\n<div class=\"wp-block-media-text is-stacked-on-mobile\" style=\"grid-template-columns:38% auto\"><figure class=\"wp-block-media-text__media\"><img decoding=\"async\" width=\"363\" height=\"381\" src=\"https:\/\/avime1537.es\/wp-content\/uploads\/2025\/09\/yaguez.jpg\" alt=\"\" class=\"wp-image-177 size-full\" srcset=\"https:\/\/avime1537.es\/wp-content\/uploads\/2025\/09\/yaguez.jpg 363w, https:\/\/avime1537.es\/wp-content\/uploads\/2025\/09\/yaguez-286x300.jpg 286w\" sizes=\"(max-width: 363px) 100vw, 363px\" \/><\/figure><div class=\"wp-block-media-text__content\">\n<p class=\"has-medium-font-size\">Don Miguel Yag\u00fcez P\u00e9rez, Teniente (RV) de Infanter\u00eda de Marina, falleci\u00f3 el 21 de Marzo del 2021, tras larga enfermedad, acaecida en 2017, ha venido lidiando y luchando contra el desenlace fatal, que al final fue inevitable.<\/p>\n\n\n\n<p class=\"has-medium-font-size\">Su padre fue el Excmo. Sr. General de Divisi\u00f3n de IM, Don Miguel Y\u00e1guez de Sobrino (QEPD), que fue COMGEIM.<\/p>\n\n\n\n<p class=\"has-medium-font-size\">Era socio de AVIME 1537 desde el a\u00f1o 2012, siendo nombrado presidente a principios de 2016, algo por lo que siempre le estaremos agradecidos.<\/p>\n<\/div><\/div>\n\n\n\n<p style=\"font-size:20px\"><\/p>\n","protected":false},"excerpt":{"rendered":"<p>En este rinc\u00f3n, queremos rendir un sentido recuerdo a aquellos asociados y amigos que emprendieron su ultimo viaje antes que nosotros, y a los que queremos despedir con unas palabras en su memoria. Descansen en paz todos ellos. Tras larga enfermedad, el pasado d\u00eda 17&nbsp;<a class=\"read-more\" href=\"https:\/\/avime1537.es\/?page_id=31\">&hellip;<\/a><\/p>\n","protected":false},"author":1,"featured_media":0,"parent":0,"menu_order":0,"comment_status":"closed","ping_status":"closed","template":"","meta":{"footnotes":""},"class_list":["post-31","page","type-page","status-publish","hentry"],"_links":{"self":[{"href":"https:\/\/avime1537.es\/index.php?rest_route=\/wp\/v2\/pages\/31","targetHints":{"allow":["GET"]}}],"collection":[{"href":"https:\/\/avime1537.es\/index.php?rest_route=\/wp\/v2\/pages"}],"about":[{"href":"https:\/\/avime1537.es\/index.php?rest_route=\/wp\/v2\/types\/page"}],"author":[{"embeddable":true,"href":"https:\/\/avime1537.es\/index.php?rest_route=\/wp\/v2\/users\/1"}],"replies":[{"embeddable":true,"href":"https:\/\/avime1537.es\/index.php?rest_route=%2Fwp%2Fv2%2Fcomments&post=31"}],"version-history":[{"count":15,"href":"https:\/\/avime1537.es\/index.php?rest_route=\/wp\/v2\/pages\/31\/revisions"}],"predecessor-version":[{"id":178,"href":"https:\/\/avime1537.es\/index.php?rest_route=\/wp\/v2\/pages\/31\/revisions\/178"}],"wp:attachment":[{"href":"https:\/\/avime1537.es\/index.php?rest_route=%2Fwp%2Fv2%2Fmedia&parent=31"}],"curies":[{"name":"wp","href":"https:\/\/api.w.org\/{rel}","templated":true}]}}

<p class="has-medium-font-size">En este rincón, queremos rendir un sentido recuerdo a aquellos asociados y amigos que emprendieron su ultimo viaje antes que nosotros, y a los que queremos despedir con unas palabras en su memoria. Descansen en paz todos ellos.</p>



<div style="height:80px" aria-hidden="true" class="wp-block-spacer"></div>



<div class="wp-block-media-text is-stacked-on-mobile" style="grid-template-columns:35% auto"><figure class="wp-block-media-text__media"><img fetchpriority="high" decoding="async" width="360" height="412" src="https://avime1537.es/wp-content/uploads/2025/08/Imagen-1-1.png" alt="" class="wp-image-59 size-full" srcset="https://avime1537.es/wp-content/uploads/2025/08/Imagen-1-1.png 360w, https://avime1537.es/wp-content/uploads/2025/08/Imagen-1-1-262x300.png 262w" sizes="(max-width: 360px) 100vw, 360px" /></figure><div class="wp-block-media-text__content">
<p class="has-medium-font-size">Tras larga enfermedad, el pasado día 17 de noviembre de 2023 falleció Doña Rosa Mateu, la esposa y compañera por muchos años, de nuestro querido amigo y socio D. Pedro Maynes Sánchez, al que la mayoría conocéis.</p>



<p class="has-medium-font-size">Aunque no era socia como tal, a todos los efectos era tan socia como cualquiera, ya que compartió y «sufrió» todos los años en los que Pedro dedicó la mayor parte de su tiempo a la Asociación. Incluso llegó a colaborar, como un socio más, en varios Campamentos de Verano para jóvenes, que AVIME organizó hasta 2018.</p>
</div></div>



<div style="height:9px" aria-hidden="true" class="wp-block-spacer"></div>



<p class="has-medium-font-size"><strong>En nombre de todos los miembros de AVIME, hacemos llegar a nuestro compañero Pedro, nuestras más sentidas condolencias por tan sensible pérdida, así como nuestro cariño y apoyo en estos momentos difíciles.</strong></p>



<p class="has-medium-font-size"><strong>Descansa en Paz, Rosa.</strong></p>



<div style="height:80px" aria-hidden="true" class="wp-block-spacer"></div>



<div class="wp-block-media-text is-stacked-on-mobile" style="grid-template-columns:39% auto"><figure class="wp-block-media-text__media"><img decoding="async" width="363" height="461" src="https://avime1537.es/wp-content/uploads/2025/08/Imagen-2-Doc.jpg" alt="" class="wp-image-68 size-full" srcset="https://avime1537.es/wp-content/uploads/2025/08/Imagen-2-Doc.jpg 363w, https://avime1537.es/wp-content/uploads/2025/08/Imagen-2-Doc-236x300.jpg 236w" sizes="(max-width: 363px) 100vw, 363px" /></figure><div class="wp-block-media-text__content">
<p class="has-medium-font-size">El 22 de abril de 2022, fue un triste día, en el que perdíamos a un querido miembro de AVIME1537. Nuestro amigo y compañero Ángel Antonio Satué, conocido entre nosotros como “Doc”, por su profesión de doctor en medicina, fallecía inesperadamente en su Sevilla querida, a los 69 años.</p>



<p class="has-medium-font-size">Participó como instructor en varios campamentos de verano, para jóvenes cadetes, organizados por AVIME1537, entre 2014 y 2018.&nbsp;Fiel al Cuerpo y a su Asociación, fue de los primeros socios en integrarse en AVIME, allá por 2011, y permaneció con nosotros hasta su ultimo día.</p>
</div></div>



<p class="has-medium-font-size"><strong>Para los que lo conocimos personalmente, su amistad significaba mucho. Hombre tranquilo, sereno, responsable, al que jamás oí alzar la voz en ningún caso, era una enciclopedia andante, en muchos asuntos, y especialmente en historia militar.</strong> </p>



<p style="font-size:20px"><strong>Además de Infante de Marina, había sido instructor de boy-scouts, por lo que añadía a sus conocimientos profesionales de cuidados médicos y primeros auxilios, el dominio de otras materias como supervivencia, nudos, orientación, etc.&nbsp;Participó como instructor en varios campamentos de verano, para jóvenes cadetes, organizados por AVIME1537, entre 2014 y 2018.</strong></p>



<div style="height:80px" aria-hidden="true" class="wp-block-spacer"></div>



<div class="wp-block-media-text is-stacked-on-mobile" style="grid-template-columns:38% auto"><figure class="wp-block-media-text__media"><img decoding="async" width="363" height="381" src="https://avime1537.es/wp-content/uploads/2025/09/yaguez.jpg" alt="" class="wp-image-177 size-full" srcset="https://avime1537.es/wp-content/uploads/2025/09/yaguez.jpg 363w, https://avime1537.es/wp-content/uploads/2025/09/yaguez-286x300.jpg 286w" sizes="(max-width: 363px) 100vw, 363px" /></figure><div class="wp-block-media-text__content">
<p class="has-medium-font-size">Don Miguel Yagüez Pérez, Teniente (RV) de Infantería de Marina, falleció el 21 de Marzo del 2021, tras larga enfermedad, acaecida en 2017, ha venido lidiando y luchando contra el desenlace fatal, que al final fue inevitable.</p>



<p class="has-medium-font-size">Su padre fue el Excmo. Sr. General de División de IM, Don Miguel Yáguez de Sobrino (QEPD), que fue COMGEIM.</p>



<p class="has-medium-font-size">Era socio de AVIME 1537 desde el año 2012, siendo nombrado presidente a principios de 2016, algo por lo que siempre le estaremos agradecidos.</p>
</div></div>



<p style="font-size:20px"></p>

<p>En este rincón, queremos rendir un sentido recuerdo a aquellos asociados y amigos que emprendieron su ultimo viaje antes que nosotros, y a los que queremos despedir con unas palabras en su memoria. Descansen en paz todos ellos. Tras larga enfermedad, el pasado día 17&nbsp;<a class="read-more" href="https://avime1537.es/?page_id=31">&hellip;</a></p>
